6. What is f(-6)?
-144
Let o(v) = -v**3 + 11*v**2 + 4*v - 33. Give o(11).
11
Let t(j) = 46*j - 241. Calculate t(5).
-11
Let x(d) = -2*d**3 - 3*d - 3. What is x(3)?
-66
Let g(l) = l**2 + 3*l - 16. Determine g(-8).
24
Let g(x) = x**2 + 10*x + 10. Determine g(-10).
10
Let n(k) = -k + 4. Calculate n(-6).
10
Let g(h) = h**3 + 15*h**2 - 15*h + 13. Calculate g(-16).
-3
Let u(j) = j**3 + 25*j - 50. Determine u(2).
8
Let l(i) = 18*i - 6. Give l(3).
48
Let t(b) = -2*b**3 - 3*b**2 + 12*b + 6. Determine t(-3).
-3
Let k(n) = n**2 - 2*n - 40. Give k(0).
-40
Let u(l) = l**3 - 3*l**2 - 4*l + 2. What is u(-2)?
-10
Let n(s) = -12*s - 76. Calculate n(-8).
20
Let v(z) = -z**3 - 15*z**2 - 16*z - 20. What is v(-14)?
8
Let o(c) = -c**3 - 28*c**2 + 60*c + 5. Determine o(-30).
5
Let c(w) = -3*w - 9. Give c(-6).
9
Let f(o) = -2*o**2 + 3*o + 3. Determine f(3).
-6
Let g(q) = 7*q - 2. Calculate g(-5).
-37
Let o(i) = -9*i + 21. Give o(-7).
84
Let y(s) = s**2 - 10*s + 8. Determine y(10).
8
Let v(n) = 14*n - 252. Determine v(18).
0
Let c(b) = b**3 - 8*b**2 + 5*b + 10. What is c(7)?
-4
Let y(t) = -2*t**3 - 28*t**2 + 2*t + 28. What is y(-14)?
0
Let q(t) = t**3 + 8*t**2 - 43. Calculate q(-3).
2
Let q(v) = v**2 + 4*v - 5. Calculate q(-8).
27
Let w(l) = l**3 - 8*l**2 - 11*l + 12. Give w(9).
-6
Let k(h) = -h**3 - 11*h**2 - 12*h - 36. What is k(-10)?
-16
Let p(y) = -37*y**3 + y**2 + 3*y + 2. Calculate p(-1).
37
Let x(z) = -15*z - 85. Calculate x(-4).
-25
Let g(h) = h**2 + 3*h + 3. Give g(-2).
1
Let o(q) = 10*q**2 + 2*q - 2. What is o(-2)?
34
Let x(l) = l**3 + 2*l**2 - 5*l - 1. Give x(-4).
-13
Let s(d) = d**2 - 17*d + 69. Determine s(12).
9
Let q(t) = t**2 + 20*t + 17. Calculate q(-19).
-2
Let y(b) = b**3 - 6*b**2 + 3*b - 16. Determine y(6).
2
Let c(o) = 2*o**2 + 30*o + 6. Determine c(-15).
6
Let m(y) = -4*y + 1. What is m(-2)?
9
Let g(j) = 2*j + 10. What is g(5)?
20
Let o(f) = -2*f**3 - 10*f**2 - 6*f - 22. Determine o(-5).
8
Let k(l) = -8*l**2 + 2*l + 2. What is k(-2)?
-34
Let u(r) = -4*r - 8. Give u(-5).
12
Let q(n) = -n**3 + 7*n**2 + n - 2. Calculate q(7).
5
Let s(v) = v**2 + 9*v - 22. Calculate s(-11).
0
Let x(g) = g**2 - 7*g - 6. What is x(5)?
-16
Let f(i) = -2*i - 17. Calculate f(8).
-33
Let o(h) = -h - 15. Determine o(-22).
7
Let f(g) = 7*g**3 - 2*g**2 + g. Give f(1).
6
Let z(n) = -28*n**3 - 2*n**2 - 2*n - 1. What is z(-1)?
27
Let x(u) = -u**3 - 3*u**2 + 4*u - 6. Calculate x(-5).
24
Let z(m) = m**2 - m - 5. Give z(-3).
7
Let h(i) = 16*i**3 - i**2 - i. Give h(-1).
-16
Let f(y) = y**3 + y**2 + 1. Calculate f(-2).
-3
Let g(n) = 5*n**3 + 3*n**2 + 6*n + 10. Calculate g(-2).
-30
Let p(q) = 3*q + 53. Calculate p(0).
53
Let w(v) = 2*v. Calculate w(5).
10
Let d(q) = -2*q**2 + 17*q - 1. What is d(9)?
-10
Let o(z) = -z**3 - 4*z**2 - 2*z - 4. Determine o(-3).
-7
Let s(x) = x + 27. Calculate s(0).
27
Let y(n) = n**3 - 13*n**2 + 5*n - 46. Determine y(13).
19
Let n(q) = -q**3 - 15*q**2 + 13*q - 1. Give n(-16).
47
Let v(o) = -o**3 + o + 5. Calculate v(4).
-55
Let f(y) = 102*y + 312. Calculate f(-3).
6
Let v(s) = -s**3 + 8*s**2 - 5. What is v(8)?
-5
Let v(u) = -2*u**2 - 12*u + 5. Determine v(-6).
5
Let u(o) = -o**3 + 5*o**2 - 2*o. Determine u(3).
12
Let k(d) = d**3 - 15*d**2 + 15*d + 8. What is k(14)?
22
Let u(r) = -5*r**2 + 6*r + 9. Determine u(-5).
-146
Let l(y) = -12*y - 99. Give l(-8).
-3
Let z(k) = -2*k**2 - 9*k - 14. Calculate z(-6).
-32
Let g(s) = s**3 + 47*s**2 - 49*s - 4. What is g(-48)?
44
Let c(v) = -v**2 + 9*v - 4. Give c(5).
16
Let x(o) = -o**2 - 6*o. Determine x(-4).
8
Let x(a) = -6*a + 15. Calculate x(8).
-33
Let w(d) = d**3 + 2*d**2 - 10*d + 1. Give w(-3).
22
Let w(p) = 2*p + 61. Calculate w(-15).
31
Let d(y) = -y**2 + 11*y - 16. Give d(10).
-6
Let u(h) = 6*h**2 - 147*h + 77. Determine u(24).
5
Let m(x) = 2*x**3 + 10*x**2 + 6*x + 8. Give m(-4).
16
Let t(y) = -y**3 + 8*y**2 - 7*y - 2. Determine t(7).
-2
Let n(z) = -4*z + 12. Determine n(-6).
36
Let j(r) = r**2 + 21*r + 12. Calculate j(-9).
-96
Let k(q) = -q**2 - 5*q - 1. Determine k(-4).
3
Let m(n) = -12*n - 42. Give m(-5).
18
Let z(q) = -q**2 + 2*q. Determine z(-3).
-15
Let x(t) = -2*t - 2. Give x(-4).
6
Let l(m) = 12*m + 85. Give l(-7).
1
Let k(u) = -12*u**2 - 14*u - 1. Calculate k(2).
-77
Let m(z) = 2*z - 89. Give m(43).
-3
Let h(g) = -77*g - 3. Determine h(2).
-157
Let w(g) = -69*g - 4. Determine w(0).
-4
Let b(g) = -g**3 - 8*g**2 - 8*g - 3. Determine b(-5).
-38
Let y(n) = -n + 31. What is y(-22)?
53
Let w(z) = z**2 + 11*z - 63. Calculate w(-15).
-3
Let p(v) = -2*v + 90. What is p(17)?
56
Let m(a) = -33*a**2 - a + 1. What is m(1)?
-33
Let d(r) = -5*r**2 - 46*r - 22. Determine d(-9).
-13
Let t(w) = -2*w**3 + 5*w**2 + 4*w - 17. Calculate t(2).
-5
Let l(s) = 7*s**3 - 4*s. What is l(2)?
48
Let r(s) = s**2 + 2*s - 12. Determine r(-9).
51
Let b(t) = t**2 + 4*t - 4. Determine b(-5).
1
Let p(b) = -b**2 + 27*b - 65. Determine p(24).
7
Let g(r) = 2*r**2 + 4. Give g(-4).
36
Let x(w) = w**3 - 4*w**2 + 10*w - 19. What is x(3)?
2
Let l(v) = -9*v + 2. Calculate l(0).
2
Let b(n) = -n**3 - 2*n**2 + 3*n + 2. Calculate b(-3).
2
Let l(s) = -s**3 + 12*s**2 + 15*s + 15. Give l(13).
41
Let g(y) = -y**3 - 6*y**2 - 6*y + 8. What is g(-6)?
44
Let w(c) = -c**3 - 11*c**2 - 6*c - 5. Determine w(-10).
-45
Let z(w) = -w**2 + 10*w + 17. Calculate z(15).
-58
Let y(f) = -f**3 + 14*f**2 - 6*f - 24. Calculate y(13).
67
Let l(m) = -m**2 + 3*m + 5. What is l(4)?
1
Let p(a) = -a**3 - 5*a**2 - 3*a + 10. Give p(-3).
1
Let s(y) = -y - 5. Give s(4).
-9
Let f(x) = x**2 - x - 2. What is f(-3)?
10
Let s(h) = -h**3 - 9*h**2 + 9*h - 12. Determine s(-10).
-2
Let r(n) = -2*n**2 - 9*n + 2. What is r(0)?
2
Let t(y) = -y**2 - 10*y - 16. Calculate t(-6).
8
Let s(g) = g**3 - 12*g**2 + 2*g - 24. Calculate s(12).
0
Let x(r) = r**2 - 2*r - 8. What is x(-3)?
7
Let x(p) = -2*p**3 - 8*p**2 - 2*p + 2. Determine x(-4).
10
Let o(j) = 3*j**3 + j**2 - j. What is o(1)?
3
Let w(z) = -z**2 - 12. What is w(7)?
-61
Let y(c) = c**3 - 5*c**2 + 8*c - 6. Give y(2).
-2
Let u(y) = -y - 5. What is u(-5)?
0
Let v(z) = -z**3 + 19*z**2 + z + 22. Determine v(19).
41
Let z(n) = n**2 + 14*n - 4. Give z(-11).
-37
Let o(d) = d**2 + d + 2. Calculate o(0).
2
Let t(j) = j**2 - 2*j - 1. Give t(-6).
47
Let l(q) = 2*q**2 - 25*q - 246. Determine l(19).
1
Let w(v) = -v**3 + 34*v**2 + 109*v + 72. Determine w(37).
-2
Let v(z) = z**2 + 7*z + 2. Calculate v(-3).
-10
Let i(a) = 4*a + 3. Calculate i(-4).
-13
Let q(i) = i**2 + 27*i - 37. Calculate q(-29).
21
Let l(p) = 3*p + 18. What is l(-14)?
-24
Let z(c) = 31*c + 5. Give z(-2).
-57
Let i(s) = -7*s - 5. What is i(5)?
-40
Let n(y) = y**3 - y**2 - y + 14. Give n(0).
14
Let p(j) = -j**2 - 10*j - 10. What is p(-9)?
-1
Let u(f) = f**2 - 2*f + 5. Calculate u(5).
20
Let m(u) = u**3 + 8*u**2 + 11. Give m(-8).
11
Let y(v) = v**3 - 8*v**2 + 20*v - 7. Give y(4).
9
Let n(h) = -h**3 - 14*h**2 + h + 12. What is n(-14)?
-2
Let a(p) = -p**2 + 19*p - 13. Calculate a(18).
5
Let r(y) = -2*y**3 + 15*y**2 - 9*y - 15. Calculate r(7).
-29
Let y(o) = -o**3 - 4*o**2 + 9*o + 7. What is y(-6)?
25
Let a(i) = i**2 - 19*i + 36. Determine a(17).
2
Let j(g) = -g**3 + g**2 - 18*g + 62. What is j(3)?
-10
Let n(y) = -2*y + 7. Give n(9).
-11
Let o(z) = z**2 - 72*z - 817. What is o(-10)?
3
Let t(m) = 3*m**2 - 11*m - 31. Determine t(6).
11
Let m(b) = -2*b**2 + 40*b - 50. Calculate m(19).
-12
Let a(k) = 6*k**2 - 86*k + 18. Determine a(14).
-10
Let m(b) = -14*b - 105. Calculate m(-7).
-7
Let v(o) = -o**2 - 9*o - 7. Give v(-5).
13
Let f(s) = -s**2 + 7*s + 22. Give f(-3).
-8
Let i(h) = -78*h**2 - 6*h - 2. What is i(-1)?
-74
Let w(k) = k**3 + 8*k**2 + 7*k - 9. Calculate w(-7).
-9
Let h(d) = -d**3 + 7*d**2 + 5*d + 13. Calculate h(7).
48
Let g(o) = o + 11. What is g(-6)?
5
Let m(z) = -z**3 - 15*z**2 - 15*z - 13. Calculate m(-14).
1
Let s(k) = k**2 + 18*k - 9. Give s(-18).
-9
Let n(r) = -r**2 + 4*r - 7. Calculate n(4).
-7
Let m(u) = 2*u**2 - u + 2. Give m(-6).
80
Let z(x) = x**2 - 5*x - 7. What is z(-5)?
43
Let u(a) = 39*a - 2733. What is u(70)?
-3
Let j(a) = -a**2 - a + 25. What is j(-5)?
5
Let d(o) = 3*o - 16. Determine d(7).
5
Let n(j) = -j**3 + 7*j**2 + 10*j - 19. Calculate n(9).
-91
Let t(q) = -q**3 + 24*q**2 + 24*q - 31. Calculate t(25).
-56
Let v(a) = a**3 + 22*a**2 - 28*a - 54. Calculate v(-23).
61
Let 